0*i = -i - o. Calculate the highest common factor of 13 and q.
13
Suppose 4*z - 32 = 7*c - 11*c, 3*c - 16 = -5*z. What is the highest common divisor of c and 105?
3
Let k(b) = 2*b**2 + 8*b - 1. Let j be k(-6). Let t(c) = 4*c**3 - 31*c**2 + 72*c - 16. Let g be t(5). Calculate the highest common factor of g and j.
23
Let g = -170 + 257. Calculate the highest common divisor of 58 and g.
29
Let a = 644 - 637. Let x be (-3)/(6/(-98))*1. What is the highest common divisor of a and x?
7
Suppose 714 + 1581 = 17*u. What is the greatest common divisor of u and 15?
15
Suppose -162 = -3*c + 126. Let g = c - 11. What is the greatest common divisor of g and 34?
17
Let f(y) = -37*y - 732. Let v be f(-24). What is the highest common divisor of v and 96?
12
Suppose 2*c + 4*a = 3*c + 2, c = 2*a. Suppose -n + 25 = 4*y - 0*n, -c*n = -y - 5. Let k be ((-20)/(-25))/(2/y). What is the greatest common divisor of 18 and k?
2
Let p(t) = t**3 + 7*t**2 + 6*t - 1. Let h be p(-5). Suppose 0 = d - 8*d + 21. Let k(g) = 19*g. Let b be k(d). Calculate the greatest common divisor of h and b.
19
Suppose 6*d - 693 = -d. Let s(c) = 15*c**2 + c + 8. Let l be s(-2). What is the greatest common factor of l and d?
33
Let u(l) = -9*l - 37. Let y(c) = c - 1. Let p(z) = u(z) + 6*y(z). Let m be p(-17). What is the greatest common divisor of m and 8?
8
Let n(z) = -19*z - 2. Let r be n(-2). Suppose -364 - r = -4*q. What is the greatest common factor of 20 and q?
20
Suppose -26 = -5*p + 29. Suppose p + 1 = 4*s. Calculate the greatest common divisor of 3 and s.
3
Let i = -67 + 94. What is the greatest common divisor of 27 and i?
27
Let q be (-246)/30 + 2/10. Let y = -7 + q. Let m be 3 + y/3 - -26. What is the greatest common divisor of 60 and m?
12
Let c = -228 + 145. Let b = -52 - c. What is the highest common factor of b and 93?
31
Let j be (-4)/(-8*1) + (-219)/(-6). Let i(x) = -2 + 4 - 31*x - 9. Let l be i(-5). Calculate the greatest common divisor of j and l.
37
Let m(t) = t**2 - 13*t + 74. Let b be m(11). What is the greatest common divisor of 4 and b?
4
Let w be -3 + (1 - -2) + 2. Suppose -5*o = -w*r + 41, -r + 4*o + 37 = 12. Calculate the greatest common factor of r and 52.
13
Suppose -2073*a + 66 = -2067*a. Let i be 22/(1/(2/4)). What is the greatest common divisor of a and i?
11
Let s = 5 + -9. Let k be 3 - s/(-16)*4. Let j be 15/k*(21 - -3). What is the greatest common factor of 20 and j?
20
Let c = 5 - 2. Suppose 3*g + 2*g - 15 = 2*u, -2*u - 10 = 0. Calculate the highest common divisor of g and c.
1
Suppose 4*j = -4*w + 185 + 335, -4*j + 16 = 0. What is the highest common divisor of 14 and w?
14
Suppose -4480 = -18*d + 2*d. What is the highest common factor of 28 and d?
28
Let r(a) = a**3 - 16*a**2 + 17*a + 37. Let h be r(17). What is the highest common factor of h and 41?
41
Let b = -856 - -883. Let s = 26 + -8. What is the greatest common divisor of b and s?
9
Let h(a) = 8*a + 348. Let n be h(49). Calculate the highest common factor of n and 20.
20
Let r be (1 - 2)/((-3)/9). Suppose -5*t - 2*l + 95 = 0, 0 = 3*t - l - 29 - 39. Calculate the greatest common divisor of t and r.
3
Let t(u) = -u**2 + 38*u - 32. Let y be t(17). Calculate the highest common factor of y and 52.
13
Suppose 0 = z + 4*d + d - 13, -5*d = -3*z + 19. Let s be 4/1 - (-10)/10. Suppose x + s - 9 = 0. What is the greatest common divisor of z and x?
4
Let n(g) = -7*g**3 - g. Let o be n(-1). Let f be 2720/140 - o/(-14). Suppose h - 5*v + f = 4, 5*h - 65 = -4*v. Calculate the greatest common factor of 99 and h.
9
Let j = 50 + -15. Let d(y) = y + 1. Let o(c) = -74*c. Let p(x) = -2*d(x) - o(x). Let b be p(1). What is the greatest common factor of b and j?
35
Let b = -674 + 720. Calculate the highest common factor of 23 and b.
23
Let q = 12 + 8. Suppose -3*a - 3*u = -21, 2*a = -3*a - 2*u + q. What is the highest common factor of 16 and a?
2
Let u = 4 + -1. Suppose -u*k + 270 = 2*k. Suppose -t + 38 = 5*i, t + 5*i - 3*i - 26 = 0. What is the greatest common factor of t and k?
18
Suppose 592 = 5*t - 3*t. Let r be (7 + 1)*(-218)/(-4). Let b = r - t. What is the highest common factor of 20 and b?
20
Suppose -q + 42 = -0*q. Let r be 4/12 - q/(-9). Let v(i) = -i**2 + 18*i - 17. Let w be v(12). What is the highest common divisor of r and w?
5
Let h = -585 - -1193. Calculate the highest common factor of h and 76.
76
Let n be 1/(-3)*(-1926)/(-6). Let b = n - -197. Calculate the greatest common divisor of b and 10.
10
Let i(q) = 21*q**2 - 37*q - 34. Let b be i(10). Calculate the highest common divisor of 64 and b.
32
Let f = 756 + -660. What is the greatest common factor of f and 36?
12
Let d = -7 - -3. Let z be (-6)/d*(-20)/(-6). Suppose -w - l + 17 = -2*l, l + 77 = 5*w. What is the greatest common factor of z and w?
5
Let j be 0/9 + 0 - (-1 + 1). Suppose j = -4*y - 3*x + 301, 4*y - 5*y - 2*x = -74. What is the highest common divisor of y and 19?
19
Let k be 290/(-26) - 6/(-39). Let j = k - -14. Calculate the greatest common factor of j and 21.
3
Let c(g) = 2*g**2 + 9*g + 15. Let m be c(-5). Suppose -11*w + 9*w = -m. What is the highest common factor of w and 15?
5
Let d = 821 - 639. Calculate the highest common factor of d and 104.
26
Let i(r) = 12*r**2 - 4*r - 1. Let u be i(8). Calculate the highest common factor of u and 42.
21
Let f = -552 + 817. Calculate the highest common factor of f and 5.
5
Suppose -18*r + 56 = -70. Suppose 3*g = r*g - 64. Calculate the highest common divisor of 56 and g.
8
Suppose m - 32 = 3*p, -4*m - 6*p + p + 179 = 0. Let b = 67 - m. What is the highest common factor of b and 169?
13
Let n = -1253 - -2053. Calculate the highest common factor of n and 64.
32
Suppose -45 = -n + 107. What is the greatest common divisor of n and 38?
38
Let n = -6 + -14. Let p be 15*(2/n)/((-10)/60). Let l be (3*-9)/3*-2. What is the greatest common divisor of p and l?
9
Suppose 4*o - 8*o = -3*y + 4, -8 = -4*o. Suppose y*w - 52 - 156 = 0. What is the greatest common factor of w and 26?
26
Let u = 54 + -54. Suppose -7*i + u*i = -126. Calculate the highest common factor of i and 198.
18
Let m = 22 - 25. Let n be m/5 - 1344/(-40). Calculate the greatest common factor of n and 11.
11
Let i be ((-11)/(-1) - 10) + 65. Calculate the greatest common divisor of i and 165.
33
Suppose 2*i = -0*i + 28. Let m be 5 - 3/(-18)*-3*0. Let y be m + 3/9*6. Calculate the greatest common factor of y and i.
7
Suppose q + 5*l - 34 = 0, 5*q = -3*l + 169 - 21. Calculate the greatest common divisor of 116 and q.
29
Let b(u) = -u**3 + 28*u**2 - 24*u - 33. Suppose 4*g - d - 108 = -2*d, -g = -5*d - 27. Let i be b(g). Calculate the greatest common divisor of 120 and i.
24
Let b = 1497 - 1488. Calculate the highest common divisor of b and 141.
3
Let h = -53 - -56. Suppose -k + h*k = 60. Calculate the greatest common divisor of 10 and k.
10
Let o(i) = 5*i**2 + 177*i + 72. Let n be o(-35). What is the greatest common divisor of 22 and n?
2
Let w = 19 - 15. Suppose w*k = 100 + 152. Let v = 21 + -12. Calculate the highest common factor of v and k.
9
Let y(x) = -5*x**3 - 241*x**2 - 52*x - 160. Let q be y(-48). Let a(h) = -7*h**3 + 2*h**2 - 1. Let r be a(-1). What is the greatest common factor of r and q?
8
Let s be ((-19)/6)/((-1)/6) + 5. What is the highest common factor of 24 and s?
24
Let c be ((-9 - -27)/9)/((-3)/(-192)). Let a(h) = -h + 16. Let b be a(0). Calculate the greatest common divisor of b and c.
16
Let o = 29 - 29. Suppose o - 1 = -h. Calculate the greatest common factor of 7 and h.
1
Let a be 20/(-6)*3*(-3)/3. Calculate the greatest common factor of 20 and a.
10
Suppose 0 = -9*o - 42 - 21. Let t(c) = c**3 + 9*c**2 + 11*c - 9. Let w be t(o). What is the highest common divisor of w and 12?
12
Let c be 1*(-1)/(-2)*38. Let b = -204 + 280. What is the highest common factor of c and b?
19
Let p(h) = h**3 + 6*h**2 + h + 11. Let t be p(-6). Let b = t + 0. Let w(r) = 2*r**2 - r. Let n be w(-2). Calculate the greatest common factor of n and b.
5
Let z(g) = 11*g**2 - 2*g - 1. Let j = 9 + 4. Suppose 3*v + 2*h - j = -2*h, 3*v - h = -7. Let l be z(v). What is the highest common divisor of l and 36?
12
Let a(g) = 2*g**3 + 27*g**2 + 13*g + 17. Let z be a(-13). Suppose 2*s = s + 170. Calculate the greatest common factor of s and z.
17
Suppose -9*d + 140 = 